) = b**2 + 2. Let t(w) = -j(w) - 15*v(w). Calculate t(2).
-6
Suppose 15 + 1 = -4*v. Let p(h) = h**3 + 3*h**2 - 5*h - 3. Let w be p(v). Let r(s) = w - 4 - 3*s + 4*s. Give r(5).
2
Let d be (8/(-6))/(4/12). Let y(g) = 3*g + 0*g - g. Determine y(d).
-8
Let j = -1 + 3. Let q = -5 + 7. Let g(w) = w - 4*w**2 + 2*w**3 + 2*w**j - w**q. Determine g(2).
6
Let d(y) be the second derivative of -y**4/2 + y. Let x(b) = 0*b - 4*b - 4 + 5*b**2 + 5*b - b**3. Let m be x(5). Give d(m).
-6
Let f(s) = s**3 + s + 7. Let i(k) = k**3 - k**2 + 2*k + 8. Let g(q) = -4*f(q) + 3*i(q). Determine g(-4).
4
Suppose -l - 36 = 2*l. Let n = 7 + l. Let c(z) = 2*z**2 - 3*z + 4. Let q(r) = -3*r**2 + 6*r - 9. Let f(b) = 5*c(b) + 3*q(b). What is f(n)?
3
Let f = -5 + 6. Let h(o) = f + 6*o - o + 0*o. Suppose -2*j - 3*j + 5 = 0. Give h(j).
6
Let l(f) = -f. Let b(r) = -r**3 - 3*r**2 - 2*r - 1. Let u be b(-2). Let q be (-2)/4*0/u. Suppose 3*o - 21 = -3*k - 0*o, q = -3*k + o + 5. What is l(k)?
-3
Let h(o) = 2*o + 8. Let p(n) = -n - 4. Suppose 4*w + c = 21, -6*w + 17 = -3*w + c. Let x(t) = w*h(t) + 7*p(t). What is x(0)?
4
Let t(x) = -2*x**2 + 6*x - 5. Let a = 11 + 8. Suppose -3*g + a = 4*w, 18 = -0*w + 4*w + 2*g. What is t(w)?
-13
Suppose -3*u + 4*j + 24 + 0 = 0, 2*u - 20 = 4*j. Let y(w) be the first derivative of -2 - w**3 + 1/4*w**4 - 3/2*w**2 - 5*w. Calculate y(u).
-1
Let u(t) = -8*t - 1. Let o be u(-1). Let v = o + -7. Let g be (1 + v)*2 - -3. Let j(m) = m - 4. Determine j(g).
1
Suppose -10 = 19*v - 24*v. Let u(k) = -k**3 - 4*k**3 + 10*k**3 + k**v. Give u(-1).
-4
Let a(t) = 2*t + 1. Let m = 7 + -4. Suppose -3*z + 12 = 0, -m*f + 2*z - 1 = 10. Give a(f).
-1
Let h = -1 - -6. Suppose h*n = -3*i, 0 = n + n + 4*i. Suppose n = 4*g + 1 - 5. Let q(m) = 2*m + 1. What is q(g)?
3
Let u(r) = 4*r**2 - r. Suppose n = -0*n + 1. Let f be u(n). Let d(q) = 5 - 2 + 2*q - 1. Calculate d(f).
8
Let i = -64 - -68. Let j(s) be the third derivative of -3*s**2 - 1/30*s**5 + 0*s - 1/8*s**i + 0 - 1/6*s**3. Calculate j(-2).
-3
Let d be (-6)/(-1)*16/24. Let i(l) = l**2 - 2*l - 5. Let y be i(d). Let m(t) = 3*t + 4. Let a(h) = h. Let s(b) = 6*a(b) - m(b). What is s(y)?
5
Let p(r) = -6*r**2 + 2*r - 9. Let y(l) = -7*l**2 + l - 10. Let v(g) = -6*p(g) + 5*y(g). Give v(5).
-6
Let d = 5 - 3. Suppose -i = -2*i - 2*l + 7, -2*l - 13 = -3*i. Suppose 0 = -w + i - d. Let y(n) = -n**3 + 2*n**2 + 3*n - 3. What is y(w)?
-3
Let f(z) be the first derivative of z**5/120 + z**4/12 + 2*z**3 - 5. Let p(i) be the third derivative of f(i). Give p(-2).
0
Let k(r) = -r**3 + 5*r**2 - 5*r - 4. Let w(h) = h**2 + h - 2. Let y be (0 + 2)/(4/(-6)). Let z be w(y). Determine k(z).
-8
Let r(z) be the third derivative of 0*z + 0 + 1/20*z**5 - 3*z**2 + 1/6*z**3 - 1/6*z**4 + 1/60*z**6. What is r(-3)?
-14
Suppose 4 = 5*v - 2*g - 2, -2*v - 3*g - 9 = 0. Let d(n) = n**2 + n + 6. Let f be d(v). Let u(i) = i**2 - 7*i + 6. Give u(f).
0
Let k be (12/16)/(2/(-40)). Let v be (-5)/k - 1/3. Let z(p) = 2*p**2 - p**3 + p**2 - 2*p**2 + 6. Determine z(v).
6
Let r(n) = n - 8. Suppose 0*h + 3*h + 5*j + 5 = 0, -3*h = 3*j + 3. Give r(h).
-8
Let v(z) = -3*z + 7. Let p(y) = -2*y + 3. Let j(u) = u. Let n(a) = 2*j(a) + 2*p(a). Let r(g) = 4*n(g) - 3*v(g). Determine r(-5).
-2
Let m(b) = -b**3 - 7*b**2 - 8*b - 6. Let i = -22 - -18. Let x = i - 2. What is m(x)?
6
Let g(j) = -2*j. Suppose 0 = 3*r - 7 + 1. Let k be r/3 - 4/(-3). Suppose k*l + 5*h = -6, 0*l - 2*h = 2*l. What is g(l)?
-4
Let z(k) = 8*k**2 - k**2 + k**3 + 0*k - k - 3*k**2 - 5. Give z(-4).
-1
Let h(q) = -7*q**2 + q. Let n be (-2)/(-7) + 18/(-14). Determine h(n).
-8
Suppose 2*j - 9 = -j. Suppose -1 + 7 = j*m. Let a(v) = -v**3 + 1 - 2*v**2 + v + 0 - m*v. Determine a(-2).
3
Let v(r) = -r**2 + 5*r - 1. Let s be v(2). Let p(o) = 3*o**3 + 5*o**2 - 14*o - 3. Let f(d) = -2*d**3 - 3*d**2 + 9*d + 2. Let a(l) = s*p(l) + 8*f(l). Give a(-1).
1
Suppose -b + 5*u = 2 - 5, -2 = -2*u. Let p be -7 - (4/1 - b). Let c(n) = 2*n + 1. Give c(p).
-5
Let f(d) = 4*d**3 - 3*d**2 - 8*d - 6. Let x(n) = -3*n**3 + 3*n**2 + 7*n + 5. Let y(l) = -4*f(l) - 5*x(l). Determine y(-2).
1
Let w(h) be the third derivative of 0 + 0*h - 2/3*h**3 - 4*h**2 + 7/24*h**4 - 1/60*h**5. Give w(5).
6
Suppose 30*c = 35*c - 35. Let d(j) = -j**2 + 6*j + 3. Give d(c).
-4
Suppose 6 = 4*r - 3*r. Let g(b) = -b**3 + 5*b**2 + 7*b + 8. Calculate g(r).
14
Let l(i) be the second derivative of i**3/6 + 7*i**2/2 - 2*i. Suppose -4*v + 5*n - 4 = 0, -5 = 3*v - 3*n + 1. Calculate l(v).
1
Let w(b) = -b**2 - 5*b + 6. Let v = 10 + -16. Let s be w(v). Let q(a) = 1 - a - 1 + 8. What is q(s)?
8
Let z be (1 - -5)/((-12)/(-8)). Suppose 5*d - 4*d - 5*h + 9 = 0, 11 = 3*d + z*h. Let u(o) = -8*o**2 + 1. Give u(d).
-7
Suppose 5*h + 10 = 5*a, -5*a = 2*h + 4 - 28. Let t(g) = g - 1. Determine t(a).
3
Let u = -31 + 32. Let g(y) = 12*y**3 + 2*y**2 - 1. Determine g(u).
13
Let g(h) = -h. Let j be (-1)/(0 - 2/(-6)). Calculate g(j).
3
Let o(j) = -j**3 - 10*j**2 + 11*j + 3. Let k be o(-11). Let p be 0/(1 + (3 - k)). Let i(g) be the second derivative of g**3/6 - 7*g**2/2 + g. What is i(p)?
-7
Suppose 0 = -3*t + 1 + 5. Let i be -4 + -2 + t + 0. Let p(m) = 5*m - 23. Let b(r) = -3*r + 12. Let x(y) = i*p(y) - 7*b(y). Calculate x(0).
8
Suppose t + t = 4*q - 8, -4*t = q + 7. Let w(b) = b**2 + 2*b + 2. Let i be w(t). Let z be i/4 - 24/(-16). Let f(s) = -2*s**2 + 3*s - 3. Calculate f(z).
-5
Let n be -3 + 0 - (-9 - -3). Let l be -1*(n/1 + -3). Let o(g) = 2*g**2 + 3*g + 1. Let v(j) = j**2 + j. Let c(a) = 2*o(a) - 5*v(a). Calculate c(l).
2
Let i(g) = -4*g**2 - 3*g. Suppose 0*a - 2*a + 16 = 5*y, 3*a - 15 = -3*y. Let q = -5 + a. Determine i(q).
-10
Suppose 2*b + 2*b = 0. Let r(t) = b*t**3 + 1 - 2*t**2 - t**3 + t + 0*t**2. Let x = -10 + 7. Give r(x).
7
Let c = 1 + -1. Let r(z) be the first derivative of -z**2/2 - 3*z + 2. Determine r(c).
-3
Let m(t) = t**3 + 5*t**2 - 7*t - 1. Let i be m(-6). Suppose 3*n - 3 + 15 = 0, -i*a + 3*n + 152 = 0. Suppose a = -5*p + 3. Let h(j) = 3*j + 7. Calculate h(p).
-8
Suppose z - 1 = -i, 0*i - 19 = -3*i + 5*z. Let j(q) be the third derivative of q**5/60 - q**4/6 + q**3/3 + 2*q**2. Give j(i).
-1
Let p(i) = -3*i + 2. Let c(t) = -5 - 4 + 5*t + 1 + 5. Let w(n) = 4*c(n) + 7*p(n). Calculate w(3).
-1
Let o(i) = -2*i**2 - 6*i - 1. Let t(l) = -3*l**2 - 6*l - 1. Let f(h) = 4*o(h) - 3*t(h). What is f(7)?
6
Suppose y - 23 = 2*i, 6*i + 39 = 2*i - 5*y. Let k(c) = -c**2 - 10*c + 8. Determine k(i).
-3
Let f(g) = -g - 7. Let a be f(-7). Let z(j) be the second derivative of j**4/12 + j**3/6 - j**2 + 17*j. Determine z(a).
-2
Let b(n) be the third derivative of -7*n**5/20 + n**4/24 + 5*n**3/6 + 4*n**2. Let u(d) = 4*d**2 - 1. Let h(a) = -2*b(a) - 11*u(a). Give h(-2).
-3
Let v(n) = n**2 + 3*n + 5. Let f be 60/(-14) + (-4 - (-120)/28). Determine v(f).
9
Let r = 5 + -4. Suppose -3*k + 4*k = -r. Let p(f) be the third derivative of f**6/40 + f**5/60 - f**4/24 - f**3/6 + f**2. Give p(k).
-2
Let i(z) = -1 + 10*z**3 - 3*z**2 - 9*z**3 - 4*z**2 + 7*z. Calculate i(6).
5
Suppose 0 + 7 = q. Let p(a) = -a**2 + 7*a - 4. Determine p(q).
-4
Let o(r) = -2*r**3 - r**2. Let s be o(-1). Let q(j) = 6*j - 6*j - 8*j**2 - s. Give q(1).
-9
Let v(u) = 3 - 2*u + 0*u**3 + u**3 - 11 + 3*u. Suppose -12 = 4*a + 4*l - 2*l, 0 = 4*a - 3*l - 8. Let k = a + 1. Determine v(k).
-8
Let c(y) be the first derivative of -y**5/20 + y**4/4 + y**3/2 + y**2/2 + 7*y - 5. Let t(x) be the first derivative of c(x). Let h = -4 + 8. What is t(h)?
-3
Suppose -5*m + 0*f = 2*f - 3, -5*f + 22 = -2*m. Let h be (-6 + 3 - m)*1. Let p = h - 0. Let z(u) = u**3 + 3*u**2 + 2*u - 1. Determine z(p).
-1
Let g(q) = q**2 + 4*q + 4. Let f be g(-4). Let n(t) = 3*t**2 + 10*t - 9. Let d(z) = 7*z**2 + 21*z - 19. Let b(i) = -4*d(i) + 9*n(i). Determine b(f).
3
Let b(u) = -u - 13. Suppose -6*r = -11*r - 55. Give b(r).
-2
Let s(a) = a**2 + 3*a - 3. Suppose 9*r - 4*r + 15 = 0. Calculate s(r).
-3
Let g(m) = m**2. Let j(t) = -7*t**2 + 4*t + 4. Let u(f) = -6*g(f) - j(f). What is u(5)?
1
Let l(d) be the first derivative of -3/2*d**2 + 5 + 7*d - 1/3*d**3. What is l(-5)?
-3
Suppose 3*o - 12 = -0*o + 2*p, -o + 5*p = -4. Let j(m) = -m**3 - 10*m**2 + 23*m**2 - 5 - 8*m**2 - 3*m. Determine j(o).
-1
Let l(p) = -6*p**2 - 7*p + 1. Let t be (-8)/3 - (-5)/(-15). Let c(x) = -5*x**2 - 6*x + 1. Let d(y) = t*l(y)